 = 10*g + 116. What is the remainder when w is divided by g?
28
Let g(d) = -75*d - 97. What is the remainder when g(-3) is divided by (-160)/(-6) - (-2 + 48/18)?
24
Let w(y) = -y**3 - 5*y**2 - 68*y - 285. What is the remainder when 789 is divided by w(-5)?
19
Calculate the remainder when 576 is divided by 9/33*-2 - 99524/(-1969).
26
What is the remainder when 199 is divided by 7/(-1) - (-1 + -455)/19?
12
Suppose -5*z + 127 = 2*b, -17*b = -4*z - 15*b + 80. Calculate the remainder when 1653 is divided by z.
20
Let r = -233 - -502. Let z = r - 142. What is the remainder when z is divided by 48?
31
Let h = 192 + -198. Calculate the remainder when 4/h - 7554/(-18) is divided by 30.
29
Let s(c) = 3*c**2 + 3*c - 5. Let i be 1 + -1 + (-3 - 3). Calculate the remainder when s(i) is divided by (52/26)/((-1)/(-12)).
13
Calculate the remainder when 1446 is divided by (-327)/(-109)*(4 + 152/12).
46
Suppose 45*f - 34314 = -47*f + 5522. Calculate the remainder when f is divided by 201.
31
Suppose -17*i + 5043 = 5*i + 19*i. What is the remainder when i is divided by 5?
3
Let a(d) = d**3 - 17*d**2 - d - 160. Calculate the remainder when 768 is divided by a(18).
38
Let i = 128 - -51. Suppose -30*g + 1363 = -5*g + 4*g. Calculate the remainder when i is divided by g.
38
Let x(m) = -m**3 - 10*m**2 - 61*m - 461. What is the remainder when 467 is divided by x(-9)?
5
Calculate the remainder when 856 is divided by ((-108)/(-20))/((-30)/(-100)).
10
Suppose 5*g + a = 204, g - 44 = 4*a - 20. Suppose -5*m - 8*m = -1911. Calculate the remainder when m is divided by g.
27
Suppose 0 = j - 2*d - 8, d = -3*j + 3. Suppose -2*a + j = -2. Suppose a*b + 13 = 3*b. Calculate the remainder when 48 is divided by b.
9
Calculate the remainder when 553 is divided by ((-2748)/96)/(2/(-16)).
95
Suppose 2*t + 31 = -2*i - 19, 3*t - 2*i + 100 = 0. Calculate the remainder when (12/10)/((-15)/(-2750)) is divided by 4/t - 842/(-15).
52
What is the remainder when 1202 is divided by 24 + -15*(-3382)/285?
192
Suppose 30*x - 10*x + 120 = 0. Calculate the remainder when 124 is divided by 9 + 140/6 - 4/x.
25
Let n be -2*(4 + 90/(-12)). Suppose -50 = -n*a - 3*a. Calculate the remainder when a is divided by (-6)/10 + (-13)/(-5).
1
Calculate the remainder when 517 is divided by (34/4)/(45/90).
7
Let q be 0 - 2*1/(-1). Suppose -c = -3*p + q*p - 2, -31 = 5*p + 2*c. Let h(g) = g**3 + 8*g**2 + 9*g - 8. What is the remainder when 85 is divided by h(p)?
19
Let j(u) = 44*u**2 + 3*u - 3. What is the remainder when 172 is divided by j(1)?
40
Calculate the remainder when 24 + 31 - -9*(-6)/9 is divided by 8.
1
Let b(d) = -16*d - 374. What is the remainder when 28 is divided by b(-24)?
8
Calculate the remainder when 1021 is divided by (-14)/(-20)*6 - (-185)/(-925).
1
Suppose 429 = 7*y - 915. Suppose -22*t = -6*t - y. Calculate the remainder when 56 is divided by t.
8
Let y(h) = -h**3 + 22*h**2 + 2*h - 26. Let n be 99/(-6)*(3 + (-11)/3). Suppose -3*v - 176 = -n*v. Calculate the remainder when 47 is divided by y(v).
11
What is the remainder when 9/(-6)*1*(-6916)/78 is divided by 108?
25
Calculate the remainder when 591 is divided by 32/(-20)*(-19)/(190/100).
15
Let b = 8 + 3. Suppose 459*a - 5320 = 326*a. What is the remainder when a is divided by b?
7
Suppose -3*y = 3*y + 6. What is the remainder when 1545/12 + 9/(-12) is divided by (6/y)/(-3)*(-43)/(-2)?
42
Suppose -4 = -2*l - 0*l. Suppose -14 = -0*k - l*k. What is the remainder when -5 - -2 - -7 - -8 is divided by k?
5
Let o(i) be the second derivative of i**5/20 - i**4/12 - i**3/6 + i**2 + 14*i. What is the remainder when (-1 - -1) + 10 + -2 + -1 is divided by o(2)?
3
Suppose 5*w = -9*t + 10*t + 3, 3*w - 11 = -4*t. Suppose t*c - 10*c = -1472. What is the remainder when c is divided by 31?
29
Suppose 0 = 2*l + 5*x - 43, l - 4*l = -2*x - 74. Suppose 8*r = 14*r - 1284. Calculate the remainder when r is divided by l.
22
Let u(n) = 0*n - 9 + 3 - 7 - 3*n. Suppose 661 + 935 = 42*g. What is the remainder when g is divided by u(-11)?
18
Let s(o) = 44*o**2 + o + 1. Let y be s(-1). Let n = y + -30. Let q(x) = -x**3 - 24*x**2 - x + 31. Calculate the remainder when q(-24) is divided by n.
13
Let d = 114 + -78. Let i(k) = k**2 - 90*k + 1762. Calculate the remainder when i(66) is divided by d.
34
Let q = 177 - 147. Suppose 0 = q*b - 3*b - 1377. What is the remainder when b is divided by 22?
7
Let z(j) = 13*j + 17. Let l be z(-1). Suppose -h = -l*m + 311, 3*m + 4*h - 9*h = 246. Calculate the remainder when m is divided by 27.
23
Let u be 5/(-3)*240/(-50). Calculate the remainder when (7 - -172) + (u - 1) is divided by 39.
30
Let k be 496/2 + (0/2 - 2). Suppose 8*y - k = 7*y - 4*p, 2*p = y - 264. What is the remainder when y is divided by 37?
36
Suppose 14*h = 30*h - 895 - 849. Let b(z) = z**3 + 6*z**2 + z. What is the remainder when h is divided by b(-4)?
25
What is the remainder when 658 is divided by -2 - 10 - (-51 - -7)?
18
Suppose 0 = 6*s + 4*h - 686, -2*h - 217 = -4*s + 231. What is the remainder when s is divided by 53?
7
Suppose 4*o - 2*y - 236 = 0, -300 = -5*o + 36*y - 31*y. Calculate the remainder when 3484 is divided by o.
4
Suppose 0 = -2*t - 14*p - 12, 5*t + 61 - 139 = p. Suppose 0*k = -3*k. Suppose k = 4*m + m - 45. What is the remainder when t is divided by m?
6
Let n = 9208 + -9113. Calculate the remainder when 260 is divided by n.
70
Suppose 4*b + 5*c - 3592 - 874 = 0, 4*b - 2*c - 4480 = 0. Calculate the remainder when b is divided by 23.
15
Let y(t) = 17*t - 1218. What is the remainder when 746 is divided by y(78)?
98
Let b = -33415 + 33498. What is the remainder when 315 is divided by b?
66
Suppose 0 = -19*s - 9*s + 140. Suppose -3*y = 4*b - 221, -42 = 2*b + s*y - 135. Let c = 20 + 1. Calculate the remainder when b is divided by c.
17
Suppose 0 = -t - 4*c + 47, -2*c = t + 6 - 43. What is the remainder when 69 + -2 + 1 - (-5 - -1) is divided by t?
18
Let r = -43297 - -44267. What is the remainder when r is divided by 81?
79
Suppose -4 = -3*l + 5. Let b(n) = n**2 - 2*n + 4. What is the remainder when ((-68)/(-17))/(-2 - -16) + (12825/(-21))/(-15) is divided by b(l)?
6
Let z = -1681 + 1693. Calculate the remainder when 177 is divided by z.
9
Let n(k) = -13623*k + 13622*k + 61 + 42. What is the remainder when n(0) is divided by 24?
7
Let t = 42 + -49. Let p(v) = v**3 + 6*v**2 - 10*v - 21. Let x be p(t). What is the remainder when x + 666/10 - (-2)/5 is divided by 14?
11
Let j(g) = 2*g - 50. Let i be j(9). Let x = i - -52. Calculate the remainder when (0 - (-3)/(-2))*-36 is divided by x.
14
Let z be (20 - -13)*(8/6 - 2). What is the remainder when z/(9 + 448/(-49)) is divided by 10?
4
Let u = 450 + -342. Suppose 3*f - 5*d = 135, 3*f - 7*d + 11*d - u = 0. What is the remainder when 114 is divided by f?
34
Suppose -4*v - 12*r + 51 = -7*r, -5*v + 30 = -5*r. Let j = -507 + 551. What is the remainder when j is divided by v?
8
Let t = -34 + 74. Suppose -37*l - 36 = -t*l. Let u = 29 + -11. Calculate the remainder when u is divided by l.
6
Let q(n) = n**3 - 26*n**2 - 153*n + 21. Calculate the remainder when 285 is divided by q(31).
36
Suppose 178*q - 2505 = 11*q. Suppose 45 = 4*y - 291. Calculate the remainder when y is divided by q.
9
Suppose 7*r - 2*r - 129 = -3*h, 5*h = -2*r + 63. Calculate the remainder when (-2)/9 - 107088/(-1242) is divided by r.
14
Let r = 455 - 426. Suppose -26*t - 462 = -r*t - 3*n, -5*n - 184 = -t. Calculate the remainder when t is divided by 41.
36
Suppose 9 - 12 = -u - y, -4*u + 12 = -2*y. Let z(m) = -2*m + 12 - m + 5*m - 5*m. Calculate the remainder when 13 is divided by z(u).
1
Suppose -5180 = -35*o + 7*o. Suppose -o = -18*h + 157. Calculate the remainder when 54 is divided by h.
16
Suppose -7310*j = -7273*j - 222. Calculate the remainder when 20 is divided by j.
2
Suppose 101*m = 106*m - 2400. Suppose -7*l + 10 + m = 0. Calculate the remainder when l is divided by 25.
20
Let y(m) = -2732*m - 16162. What is the remainder when 1345 is divided by y(-6)?
195
What is the remainder when 197 is divided by 13 - 13 - (5 - 833/7)?
83
Let v = 6 - -12. Let g = -48 - -108. What is the remainder when v is divided by 5 + g/(-6) + (15 - -4)?
4
Let a be 3/((-3903)/489 - -8). Let l = a + -157. What is the remainder when 15 is divided by l?
3
Suppose 5*v + 2*